{"id":4576,"date":"2023-06-08T13:54:14","date_gmt":"2023-06-08T11:54:14","guid":{"rendered":"https:\/\/raumhaus.de\/shop\/?post_type=product&#038;p=4576"},"modified":"2026-03-26T12:50:47","modified_gmt":"2026-03-26T11:50:47","slug":"steelcase-please","status":"publish","type":"product","link":"https:\/\/raumhaus.de\/shop\/produkt\/steelcase-please\/","title":{"rendered":"Steelcase, Please"},"content":{"rendered":"<p>_ Arbeitsstuhl mit eleganter Silhoutte<br \/>\n_ Top-Ergonomie: Flexibel zwischen Sitzen und Stehen wechseln<br \/>\n_ Viele praktische Bedienelemente<\/p>\n<p>&nbsp;<\/p>\n<p>Artikel-Konfiguration:<\/p>\n<p><span dir=\"ltr\" role=\"presentation\">_ Bezug: Era 5E<\/span><br role=\"presentation\" \/><span dir=\"ltr\" role=\"presentation\">_ <\/span><span dir=\"ltr\" role=\"presentation\">Farbe der Sitzfl\u00e4che, Lumbal- und <\/span><span dir=\"ltr\" role=\"presentation\">Schulterr\u00fcckenlehne: Era CSE14 Onyx R9<\/span><br role=\"presentation\" \/><span dir=\"ltr\" role=\"presentation\">_ Polsterung Sitzfl\u00e4che: Standard Sitz Stoff 10<\/span><br role=\"presentation\" \/><span dir=\"ltr\" role=\"presentation\">_ Rahmenfarbe: Pearl Schwarz 05<\/span><br role=\"presentation\" \/><span dir=\"ltr\" role=\"presentation\">_ Base: Alu<\/span><br role=\"presentation\" \/><span dir=\"ltr\" role=\"presentation\">_ Farbschema: Schwarz 05<\/span><br role=\"presentation\" \/><span dir=\"ltr\" role=\"presentation\">_ <\/span><span dir=\"ltr\" role=\"presentation\">Kunststoff-Armlehnen in H\u00f6hen und Tiefe verstellbar <\/span><span dir=\"ltr\" role=\"presentation\">sowie schwenkbar<\/span><br role=\"presentation\" \/><span dir=\"ltr\" role=\"presentation\">_ Rollen oder Gleiter hart, gebremst f\u00fcr Teppichboden<\/span><\/p>\n<p>Der Arbeitsstuhl Please ber\u00fccksichtigt, dass wir alle unsere eigene Arbeitsweise \u2013 und unsere eigene Sitzweise \u2013 haben. Please wurde auf Basis wissenschaftlicher Erkenntnisse entwickelt und unterst\u00fctzt den ganzen Tag \u00fcber die Bewegungen der Wirbels\u00e4ule bei jeder \u00c4nderung der Sitzposition. Er erleichtert zudem anstrengende Arbeiten, die langes Sitzen erfordern, bei denen man sich stark konzentrieren oder intensiv am Computer arbeiten muss. Please unterst\u00fctzt unterschiedliche Arbeitsstile, bietet dauerhaften. Komfort und optimale Unterst\u00fctzung der jeweiligen K\u00f6rperhaltung &#8211; ganz gleich, ob Sie lieber aufrecht sitzen oder sich entspannt zur\u00fccklehnen. Die einzigartige horizontal zweigeteilte R\u00fcckenlehne von Please mit dem integrierten LTC2 -System (Lumbal-Thorax-Cervical) in der R\u00fcckenlehne, st\u00fctzt den oberen und unteren R\u00fcckenabschnitt unabh\u00e4ngig voneinander. Der Please Stuhl l\u00e4sst sich mithilfe der Symbole an den Verrstellhebeln intuitiv und pr\u00e4szise einstellen und somit ganz individuell an die spezifischen ergonomischen Bed\u00fcrfnisse des einzelnen Nutzers anpassen.<\/p>\n","protected":false},"excerpt":{"rendered":"_ Arbeitsstuhl mit eleganter Silhoutte _ Top-Ergonomie: Flexibel zwischen Sitzen und Stehen wechseln _ Viele praktische Bedienelemente &nbsp; Artikel-Konfiguration: _ Bezug: Era 5E_ Farbe der Sitzfl\u00e4che, Lumbal- und Schulterr\u00fcckenlehne: Era CSE14 Onyx R9_ Polsterung Sitzfl\u00e4che: Standard Sitz Stoff 10_ Rahmenfarbe: Pearl Schwarz 05_ Base: Alu_ Farbschema: Schwarz 05_ Kunststoff-Armlehnen in H\u00f6hen und Tiefe verstellbar sowie[&#8230;]","protected":false},"featured_media":4619,"comment_status":"closed","ping_status":"closed","template":"","meta":{"_acf_changed":false},"product_brand":[531],"product_cat":[100,404],"product_tag":[522,528,179,515,516,526,445,178,519,153,183,432,525,527,168,521,520,523,517,524,530,529,518,154],"class_list":{"0":"post-4576","1":"product","2":"type-product","3":"status-publish","4":"has-post-thumbnail","6":"product_brand-steelcase","7":"product_cat-drehstuehle","8":"product_cat-steelcase","9":"product_tag-arbeitsplatz-stuhl","10":"product_tag-arbeitsplatzstuhl","11":"product_tag-arbeitsstuhl","12":"product_tag-arbeitsstuhl-von-steelcase","13":"product_tag-buero","14":"product_tag-bueroarbeitsplatz","15":"product_tag-bueroausstattung-berlin-mit-steelcase","16":"product_tag-buerostuhl","17":"product_tag-design-stuhl-von-steelcase-berlin","18":"product_tag-drehstuhl","19":"product_tag-ergonomischer-arbeitsstuhl","20":"product_tag-ergonomischer-buerostuhl","21":"product_tag-flexibles-arbeiten","22":"product_tag-gesundes-arbeiten","23":"product_tag-home-office","24":"product_tag-homeoffice-stuhl","25":"product_tag-premium-buerostuhl","26":"product_tag-rueckenfreundlicher-arbeitsstuhl","27":"product_tag-steelcase-fuers-office","28":"product_tag-steelcase-please","29":"product_tag-steelcase-please-buerostuhl-ergonomisch","30":"product_tag-steelcase-please-drehstuhl","31":"product_tag-steelcase-stuhl","32":"product_tag-stuhl","33":"pa_marke-steelcase","35":"first","36":"instock","37":"taxable","38":"shipping-taxable","39":"purchasable","40":"product-type-simple"},"acf":[],"_links":{"self":[{"href":"https:\/\/raumhaus.de\/shop\/wp-json\/wp\/v2\/product\/4576","targetHints":{"allow":["GET"]}}],"collection":[{"href":"https:\/\/raumhaus.de\/shop\/wp-json\/wp\/v2\/product"}],"about":[{"href":"https:\/\/raumhaus.de\/shop\/wp-json\/wp\/v2\/types\/product"}],"replies":[{"embeddable":true,"href":"https:\/\/raumhaus.de\/shop\/wp-json\/wp\/v2\/comments?post=4576"}],"wp:featuredmedia":[{"embeddable":true,"href":"https:\/\/raumhaus.de\/shop\/wp-json\/wp\/v2\/media\/4619"}],"wp:attachment":[{"href":"https:\/\/raumhaus.de\/shop\/wp-json\/wp\/v2\/media?parent=4576"}],"wp:term":[{"taxonomy":"product_brand","embeddable":true,"href":"https:\/\/raumhaus.de\/shop\/wp-json\/wp\/v2\/product_brand?post=4576"},{"taxonomy":"product_cat","embeddable":true,"href":"https:\/\/raumhaus.de\/shop\/wp-json\/wp\/v2\/product_cat?post=4576"},{"taxonomy":"product_tag","embeddable":true,"href":"https:\/\/raumhaus.de\/shop\/wp-json\/wp\/v2\/product_tag?post=4576"}],"curies":[{"name":"wp","href":"https:\/\/api.w.org\/{rel}","templated":true}]}}